+ 14*k**3/3 - 28*k**2. Let q be r(-4). Let l = q - 65. What is the tens digit of l?
6
Let c be 48/(-15) - 16/20. Let u be ((-5)/(30/c))/((-10)/(-30)). Suppose -3*p = a - 3*a - 164, -u*p - a + 107 = 0. What is the tens digit of p?
5
Let y(l) = -12*l + l + 16 + 0*l + 0*l. Let w(d) = 7*d + 203. Let g be w(-31). What is the tens digit of y(g)?
7
Suppose 3*b + 61 - 58 = 0. What is the tens digit of b/4 + 20846/56?
7
Let r = -427 + 611. What is the tens digit of r + ((-6)/(-5))/((-15)/(-25))?
8
Let r = -47 + 38. Let t be (r/(-6) - 2)*(-48)/8. What is the units digit of 12/(t + -6) - -39?
5
What is the thousands digit of 15651 - (2/10 - (-1)/((-35)/77))?
5
Let u(f) = -13*f**3 - 13*f**2 - 129*f + 8. What is the thousands digit of u(-8)?
6
Let o(k) = -73*k + 109. Let v(r) = -3*r - 1. Let y(t) = -o(t) + 6*v(t). What is the units digit of y(15)?
0
Suppose -44 - 1189 = -3*k. Let t = -365 + k. What is the tens digit of t?
4
Let o(f) be the second derivative of -f**5/10 - 7*f**4/12 + f**3/2 + 15*f**2 - 14*f - 3. What is the units digit of o(-6)?
2
Let u = -8082 - -11136. What is the tens digit of u?
5
Suppose -4*u + 5*s - 8436 + 57754 = 0, -5*u + 61721 = 6*s. What is the tens digit of u?
3
Suppose -127*h + 384005 = -908855. What is the thousands digit of h?
0
Suppose -3*y = -10 - 206. Let l = -13 + y. Let v = l + -20. What is the tens digit of v?
3
Suppose -5*r + 4*t = -31259, 10*r + 4*t = 4*r + 37458. What is the tens digit of r?
4
Let h be (8088/(-17 + 9))/(1*-1). Suppose 53*i + h = 56*i. What is the units digit of i?
7
Suppose 0 = -40*l - 49*l + 4*l + 444805. What is the hundreds digit of l?
2
Suppose 0 = -175*g + 179141 + 1104659. What is the thousands digit of g?
7
Let i(f) = 0*f + 7*f**2 + 4*f - f. Suppose -p + 4*m = 5, -2*p + p + 5*m = 7. What is the units digit of i(p)?
2
Let w be (-21*(-4)/36)/(7/(-462)). Suppose 22 = -2*k + 468. Let b = w + k. What is the units digit of b?
9
Suppose 2*z - 2*p + 20 = 0, 4*z - 2*p = 3*p - 44. Let g be (-95)/2 - z/12. Let q = g + 157. What is the tens digit of q?
1
Let z = 1347 - -5851. What is the thousands digit of z?
7
Let v be 2 + 3 + 1 + -1. Let g = 421 + -419. Suppose 2*t - 257 = -v*q, -g*q = 4*t - 309 - 181. What is the units digit of t?
1
Let z(t) = 44*t + 6. Suppose 5*f - 8 - 47 = 5*q, 0 = -2*q - 4. What is the hundreds digit of z(f)?
4
Suppose 0 = 16*d + 39*d - 95920. Suppose 2*g = -4*t + d, g + 1299 = 5*t - 881. What is the tens digit of t?
3
Let x be 6 + ((-3)/(-1) - -123103). What is the thousands digit of x/(-220)*5/(-2)?
1
Suppose -b + 512 = 172. Suppose -12*n = -1832 - b. What is the tens digit of n?
8
Let y(d) = 17*d**2 - 1 - 16*d + 16*d**3 - 17*d**3 + 15. Let w be y(16). Suppose 0 = 4*m - w - 122. What is the units digit of m?
4
Let s be 3 + (-9)/((-9)/4) + -2. Suppose 8*c - 3991 = -s*c. What is the units digit of c?
7
Let c(x) = x**2 - 7*x + 86. Let w be c(27). Let k = w - 265. What is the tens digit of k?
6
Let z = -12390 + 25467. What is the ten thousands digit of z?
1
Let w be (1 + 2/(-10))*5/2. Suppose 0 = -2*c + 4*j - 1414, 2856 = -4*c + w*j - j. What is the tens digit of (6/(-5))/(26/c)?
3
Suppose -5*q + 30 = 5*q. Suppose j + 603 = q*u, 0 = 13*j - 9*j. What is the hundreds digit of u?
2
Suppose 93*a = 878655 + 1205918 - 63404. What is the thousands digit of a?
1
Suppose -l - 155*u + 160*u + 8167 = 0, 5*u + 16309 = 2*l. What is the units digit of l?
2
Suppose 0 = -2*o - 5*f + 1503, -3679 = -4*o - 2*f - 713. What is the hundreds digit of o?
7
Let f(s) be the first derivative of 4*s**3/3 + 54*s**2 + 20*s - 77. What is the hundreds digit of f(-29)?
2
Let h(s) = 657*s + 2030. What is the hundreds digit of h(10)?
6
What is the ten thousands digit of 107568618/2506 - 3/7?
4
Let v = 25 + -26. Let b(t) = 12*t**2 - 3*t + 5*t - 5 - 1 + 8. What is the units digit of b(v)?
2
Let s(g) = -7*g + 36. Let p = 29 + -37. Let c be s(p). Let q = 89 + c. What is the hundreds digit of q?
1
Let i(k) = -3*k + 131. Let q be i(43). What is the tens digit of (-1 - -4) + 1435/(q - -3)?
9
Let k = -667 - 170. Let f = -264 - k. What is the units digit of f?
3
Let r(v) = 258*v**2 + 13*v + 14. Suppose 0 = -359*k + 360*k + 1. What is the tens digit of r(k)?
5
Let c be 0/2*(-3)/(-6). Suppose 0 = -14*o - 10*o + 144. Suppose q + o*q - 539 = c. What is the tens digit of q?
7
Let m(b) be the third derivative of -b**6/120 + 7*b**5/30 - 5*b**4/24 - b**3/3 + 5166*b**2. Let i = 16 + -4. What is the tens digit of m(i)?
2
Suppose 17*f = -6*f + 47868 - 8584. What is the tens digit of f?
0
Let l = 40 - 20. Let b = 84 - 95. Let o = l - b. What is the units digit of o?
1
Suppose -24*u - 153771 + 469995 = 0. Suppose 17*f - u = -10*f. What is the units digit of f?
8
Let w = -49195 + 70652. What is the ten thousands digit of w?
2
Let y(j) = -5*j - 27. Let l be y(-23). Let d be ((-108)/(-8))/(2/(-20)). Let q = l - d. What is the units digit of q?
3
Let k = -457 - -432. Suppose x + 0*n - 5 = -3*n, -5 = -x - 5*n. What is the units digit of (-15)/6*(185/k + x)?
6
Suppose 0 = 1366*x - 1370*x + 5412. Let q = 2900 - x. What is the units digit of q?
7
Let j = 8656 + -8653. Suppose 1 = 2*q - 7. Suppose -h + q*n + 12 = -13, -j*h - n + 101 = 0. What is the tens digit of h?
3
Let w(o) = -4*o**3 + 3*o**3 - 11 - 15*o - 14 - 11*o**2. Suppose 0 = -4*l + 2*v - 46, 5*l + 4 + 37 = -3*v. What is the tens digit of w(l)?
2
Let v(l) = 131*l**2 + 10*l + 19. What is the tens digit of v(-7)?
6
What is the tens digit of 7 + -15*(-8)/(-8) + 8668?
6
What is the ten thousands digit of -41448*((-176)/(-24) - 8)?
2
Suppose -m + 2*r + 27 = 4*m, 4*r = -5*m + 51. Let n = -1 + m. Let z = 21 + n. What is the units digit of z?
7
What is the thousands digit of 9955 + 210/(-56)*-4?
9
Let c(m) = 100*m**2 - 159*m + 49. What is the units digit of c(-9)?
0
Let s(t) be the third derivative of -43*t**4/24 + 3*t**3/2 - 11*t**2. Let u be s(-9). Suppose 2*o - 13*o + u = 0. What is the tens digit of o?
3
Let a be (-51 - -1) + 42/(-14). Let r = a + 48. Let o = r + 50. What is the tens digit of o?
4
Let z(w) = -10*w**3 + 8*w**2 - 5. Suppose -95*l - 55 = -84*l. What is the hundreds digit of z(l)?
4
Let c(d) = 82*d**2 - 73. What is the hundreds digit of c(15)?
3
Suppose 28*c + 54283 = 14775. Let h = -586 - c. What is the tens digit of h?
2
Let o = -2295 + 1442. Let s = -1481 - o. What is the units digit of ((-2)/6)/(2 - s/(-312))?
6
Let o = -65 + 89. What is the tens digit of (-1716)/(-20) - o/30?
8
Suppose -3*b + 456 + 656 = 5*n, 0 = n + 5. Suppose t = -19 + b. What is the tens digit of t?
6
Let s be 16/10*(6 + -4 + 3). Suppose -q + 319 = -3*g, s*q + 4*g = 4*q + 1228. What is the hundreds digit of q?
3
Let c be (-11576)/(-16) + (-1)/2. Suppose -3*d - 7*d = 3*d. Suppose d*j = 3*j - c. What is the hundreds digit of j?
2
Let v be 4/(((-4)/18)/(-2)). Let f = v - 36. Suppose -16*o + 18*o - 204 = f. What is the tens digit of o?
0
Let m = 371 - 369. What is the hundreds digit of (-4)/3*(-375)/m?
2
Let w = -60 + 60. Suppose w*z - n + 29 = 4*z, -z = n - 5. What is the tens digit of 338/3 + z*3/18?
1
Let n(d) = 19*d**2 + 58*d + 39. What is the hundreds digit of n(-26)?
3
Suppose 4 = 4*n - 20. Let c be ((-160)/35 - n/14) + -1. What is the units digit of ((-3)/c)/(1 + 741/(-744))?
4
What is the tens digit of ((-1 + 5)/(-2))/((-23)/((-64446)/(-12)))?
6
Let n(o) = 7*o - 4. Let q be n(8). Let s = q - 57. Let r(a) = 5*a**2 + 8*a + 9. What is the units digit of r(s)?
4
Suppose -5*d + 3*x = -3170, 5*d - 3135 = -0*x - 4*x. Let s = -371 + d. Suppose -s = -7*a + 2*a. What is the units digit of a?
2
Suppose -2*m - u + 23 = -0*u, 0 = -2*m + 3*u + 3. Suppose 0 = -3*h + 4*o - m*o + 1231, -2*h + 2*o = -810. What is the units digit of h?
7
Suppose -4*d = d - 35. Suppose -5*q - 3 - d = 0. What is the tens digit of q*4*(2 - (-270)/(-24))?
7
Suppose -2*m = 3*v - 13, -5*v = 2*m - 7*m + 70. What is the units digit of 647 - ((m - 4) + -11)?
1
Let s be 0/(-7 - (-6)/1). Suppose s = -180*n + 170*n + 3400. What is the tens digit of n?
4
Suppose 3*n - 2*n = -4*q + 6, 4 = -4*q + 4*n. Let f be 3/q*(-3122)/(-21). Suppose -404 = -10*b + f. What is the units digit of b?
5
Let x = -7610 - -13756. What is the units digit of x?
6
Let q = -5090 + 15886. What is the units digit of q?
6
Let f(w) = -w**3 - 10*w**2 - 13*w - 16. Let b be f(-9)